f g and c?
23
Let v(a) = 117*a + 71. Let f be v(-4). Let n = -293 - f. What is the highest common factor of 16 and n?
8
Let c be ((-6)/(-24) - 177/(-12))*-21. Let o = -18 - c. Calculate the highest common divisor of 66 and o.
33
Let p = -4 - -46. Suppose -3*w + 2*h = -80, -532*h - 160 = -5*w - 534*h. What is the highest common factor of p and w?
6
Suppose t = -2*g + 20471, -2*g + 96*t = 92*t - 20516. Calculate the greatest common divisor of 15 and g.
5
Suppose 1394 = 5*f + u, 2*f + 2*u = 445 + 111. Calculate the greatest common divisor of 9 and f.
9
Let z(f) = -f**3 - 7*f**2 + 14*f + 82. Let p be z(-8). Calculate the greatest common divisor of p and 1853.
17
Suppose -5*h - 8 = -18. Let d = 25 - 21. Suppose d*i + 3*a - 42 = 0, a + 2 = h*a. Calculate the highest common divisor of 27 and i.
9
Suppose 10*i - 11*i = 15*i - 1888. Calculate the greatest common divisor of i and 354.
118
Let p(m) = -3*m**2 - 34*m + 22. Let b = 62 + -73. Let i be p(b). Calculate the highest common factor of 11 and i.
11
Let k(q) be the first derivative of -q**2/2 + 39*q - 58. Let z be k(14). Suppose 3*y - 7 = 23. Calculate the greatest common divisor of y and z.
5
Let j = -902 - -906. What is the greatest common factor of 628 and j?
4
Suppose -267 = -2*i + 3*n, i = 4*i - 2*n - 388. Suppose -j = 2*j - i. What is the highest common divisor of 63 and j?
21
Suppose -74 = -11*w + 58. Let b = 127 + -31. Calculate the highest common divisor of b and w.
12
Suppose -5*r + 316 = 246. Suppose -13*q = -r*q + 200. What is the highest common factor of q and 75?
25
Let o = -812 + 832. Let c be (-5 + 4 + 1)/1. Suppose 2*t - 16 = -v, c = -2*v + 2*t + 16 + 4. What is the greatest common factor of v and o?
4
Let z = -30 + 29. Let v = 35 + z. Let o(y) = 44*y - 54. Let x be o(2). Calculate the highest common factor of x and v.
34
Let z(c) = 5*c**2 - 19*c. Let j be z(4). Calculate the highest common divisor of j and 1436.
4
Suppose -111*l + 9972 = -13833 - 53118. Calculate the greatest common divisor of l and 189.
63
Let t be (1479/9)/((-213)/(-639)). Calculate the greatest common factor of t and 725.
29
Suppose 22*p - 5*p = 1411. Let l = -56 + p. Let w be (21/(-14)*1)/((-2)/108). Calculate the greatest common divisor of w and l.
27
Let n(u) = -u**2 - 11*u. Let x be n(-6). Let g be (-2448)/(-136) - 2*(-6)/4. Let f = x - g. Calculate the highest common factor of 171 and f.
9
Suppose -65*h = -1485 - 3499 + 694. What is the highest common factor of h and 696?
6
Let d = 8384 + -8112. Calculate the greatest common factor of d and 2210.
34
Let g be ((-1365)/78)/(3/(-4)*8/108). Calculate the highest common factor of g and 2415.
105
Suppose 8*v - 5*s = 10*v - 13755, s = 9. Calculate the highest common divisor of v and 45.
15
Suppose -16 = 5*x - r, 26*x - 29*x - 2*r = 7. Let y = 0 - 3. Let n be x/y + 2 + (85 - 0). Calculate the greatest common divisor of n and 8.
8
Let h = -2012 + 2339. What is the greatest common factor of h and 3?
3
Let x(v) = -290*v - 168. Let l be x(-4). What is the highest common divisor of l and 672?
32
Suppose 84*z = 56*z + 5152. Calculate the greatest common factor of 253 and z.
23
Suppose -4*f + 76 = -0*o + o, 0 = 4*o - 3*f - 228. Suppose -4*m = -4*a + 328, 371*a - 2*m = 374*a - 236. What is the greatest common divisor of a and o?
20
Let v(a) = -5*a + 91. Let r be v(16). Let i be (-8 + r)/((45/(-6))/(-5)). What is the greatest common divisor of 8 and i?
2
Let k(a) = a**2 - 15*a + 4. Let g(c) = c + 19. Let b be g(-4). Let p be k(b). Suppose -3*i = -i - 64. Calculate the highest common divisor of i and p.
4
Let v be 5 + -7 + -1*8/2. Let y be 1248/216 + v/(-27). Suppose -2*d - 50 = -2*t, 4*d - 34 = -3*t + 34. Calculate the greatest common factor of t and y.
6
Let d = -9776 - -37184. Calculate the greatest common factor of 48 and d.
48
Let g = 20 - 12. Let d(l) = -l**3 + 11*l**2 - 18*l - 3. Let v be d(g). Suppose 4*u - 300 = -u. What is the highest common divisor of u and v?
15
Suppose -12*k + 631 = -701. Suppose -100*q - 1672 = -k*q. What is the greatest common factor of q and 342?
38
Let b be -1 - (-2 + 56 + (2 - 3)). Let w = b + 67. Suppose -21*c + 20*c + w = 0. Calculate the greatest common divisor of 65 and c.
13
Let t be (5 - 2646/522) + (-34458)/(-87). Calculate the highest common divisor of 858 and t.
66
Let g be (40/(-6))/(8/(-24)). Let i = g + -5. Suppose 14*w - 3 = 13*w. Calculate the highest common factor of i and w.
3
Let o be (2 - (0 + 6))*(-112)/7. Let k be (4/6)/(9/189). Let p = k + -6. Calculate the highest common divisor of o and p.
8
Let y(u) = -u**2 - 159*u - 2391. Let k be y(-134). Calculate the greatest common factor of k and 3562.
137
Let u(j) = -6*j**2 - 179*j + 250. Let r be u(-30). Calculate the greatest common factor of 1276 and r.
44
Let f be (-4)/(-10) + (-509168)/(-605). What is the greatest common factor of 6 and f?
2
Let j = -303 - -303. Suppose 0 = -2*s - 3*p - j*p + 276, 0 = -2*s + 3*p + 276. What is the highest common factor of 184 and s?
46
Suppose 5*j = -0 - 15. Let q be 148 + j*(-64)/(-24). What is the greatest common divisor of 28 and q?
28
Let d = 78959 - 78941. Suppose -5*l - 83 = -803. Calculate the highest common divisor of l and d.
18
Let k(g) = -g**3 + 4*g**2 + 5*g + 6. Let v be 38/8 - (-2)/8. Let a be k(v). Let h be (1*(-2)/a)/((-3)/90). What is the highest common factor of 110 and h?
10
Let q(p) = -4*p**2 - 314*p - 726. Let l be q(-75). Calculate the greatest common divisor of l and 14418.
162
Let z(a) be the first derivative of -a**4/4 + 7*a**3/3 + a**2/2 - 141. Let p be z(6). Calculate the highest common factor of 322 and p.
14
Suppose 4*p = 17 - 1. Let k be 3/2 - (p/(-8) + -5). Let x(s) = s**3 - 5*s**2 - 10*s - 11. Let z be x(k). Calculate the greatest common divisor of 272 and z.
17
Suppose 98*i = 35*i + 41391. What is the greatest common factor of i and 292?
73
Let j(q) = -q**3 + 18*q**2 + 37*q - 41. Let g be j(18). Let p = 721 - g. What is the greatest common factor of p and 264?
24
Let m(l) = l**2 + 774*l + 6913. Let t be m(-9). Suppose 0 = 2*n + 3*n + 10. Let z be (-1)/(-2) - 139/n. What is the highest common divisor of z and t?
14
Let x = -17022 - -17029. Let n(b) = b**3 + 2*b**2 - 2*b - 4. Let q be n(3). Calculate the highest common factor of q and x.
7
Let p = -4 - -9. Suppose 4*o - p*y - 98 = 0, -4*o - 5*y + 45 = -33. Calculate the greatest common divisor of 176 and o.
22
Suppose 6*l - 363216 = 9*l - 51*l. Calculate the greatest common factor of l and 14.
7
Let k be 4/6*(38 - -4). Suppose 2*j = 4*q + k, -9 = -2*j - 3*q - 2. Calculate the highest common factor of j and 232.
8
Let c(d) = -4*d**2 - 67*d - 7. Let y be c(-9). Calculate the highest common divisor of y and 6664.
136
Let f be (-2 - 1 - -6) + 113 + -2. What is the highest common factor of 646 and f?
38
Suppose 5*k - 200 = -3*m, 380 = 4*m + k + 102. Let j be ((-16)/(-28))/(5/m). What is the greatest common divisor of 68 and j?
4
Suppose 12*b + 33 = 13*b - 5*a, 135 = 3*b - 3*a. Let p = -201 + 261. What is the highest common divisor of p and b?
12
Let x be (2 + -3)*(-4)/2 + 42. Let q(w) = 44 - x + w. Let m be q(5). What is the greatest common divisor of 10 and m?
5
Let n(h) = h**2 + 24*h - 1473. Let r be n(30). Calculate the greatest common factor of r and 21.
21
Let s be 17/(2/(-12)*-6). Let z be 1*(3825/(-3))/(-3). Calculate the greatest common divisor of s and z.
17
Let r(x) = x**3 + 7*x**2 + 4*x. Let b be r(-6). Suppose -5*j + 1920 = -4980. Suppose 0 = 30*g - 7*g - j. Calculate the greatest common factor of g and b.
12
Suppose -1259 = 15*d - 2219. What is the greatest common factor of d and 1632?
32
Suppose 0 = 308*a - 312*a + 16, 2*h + 3*a - 62 = 0. Calculate the highest common factor of h and 15.
5
Suppose -35 = b - 40. Let r(n) = n - 5. Let f be r(b). Suppose 5*x = -2*k - f*k + 123, 0 = 5*k - 5*x - 255. What is the greatest common factor of k and 6?
6
Suppose 1785 = 15*l - 570. Let t = l - 153. Calculate the highest common divisor of 2 and t.
2
Let s = -67 - -149. Let q = s - 65. Suppose 0 = f + 13*c - 9*c + 3, 1 = -2*f - 3*c. What is the greatest common factor of f and q?
1
Let b be 5/(-16 - -1)*393. Let v = b - -135. Suppose v*o - 88 = -y - 2*y, -3*y = -12. What is the greatest common factor of o and 19?
19
Suppose 25 = 5*t, 6*r - 3*t - 3111 = 3*r. Sup